le of 5403?
True
Is 1021 a factor of 151479644?
True
Does 3400 divide 2843336060?
False
Is 615 a factor of 517107100?
False
Is 9449657 a multiple of 1609?
True
Is 3089 a factor of 58647754?
True
Is 141 a factor of 11541414?
True
Is 310219573 a multiple of 22?
False
Is 97538742 a multiple of 14?
True
Does 27 divide 1020603602?
False
Is 160 a factor of 16815040?
True
Is 206164035 a multiple of 385?
True
Is 32089771 a multiple of 95?
False
Is 2743538202 a multiple of 162?
True
Is 32811284 a multiple of 44?
True
Does 467 divide 22758880?
False
Is 38 a factor of 270214770?
True
Is 278528520 a multiple of 60?
True
Is 68 a factor of 101043988?
True
Is 913481010 a multiple of 36?
False
Does 392 divide 376205268?
False
Is 3442 a factor of 2060242794?
False
Is 474 a factor of 878390999?
False
Is 26675402 a multiple of 2?
True
Does 4606 divide 48512758?
False
Is 3552082983 a multiple of 1161?
True
Is 1633620 a multiple of 30?
True
Is 372 a factor of 296590020?
True
Is 36082732 a multiple of 889?
True
Is 59 a factor of 826869302?
False
Is 1819510776 a multiple of 324?
True
Is 25719031 a multiple of 13?
True
Is 34617444 a multiple of 4?
True
Is 24568337 a multiple of 54?
False
Is 801832458 a multiple of 2037?
True
Is 574 a factor of 26450494?
True
Is 25238404 a multiple of 15?
False
Is 20209220 a multiple of 26?
False
Is 2717333450 a multiple of 2318?
True
Is 8465403420 a multiple of 3543?
False
Does 285 divide 376426891?
False
Is 390337630 a multiple of 40?
False
Is 47 a factor of 36359388?
True
Does 305 divide 175047451?
False
Does 122 divide 308145906?
False
Is 28753732 a multiple of 986?
True
Is 21 a factor of 45326245?
False
Is 52360308 a multiple of 33?
True
Does 805 divide 17877811?
False
Is 217996992 a multiple of 8?
True
Is 257 a factor of 16371928?
True
Does 8591 divide 901009005?
False
Does 363 divide 873812493?
False
Does 1736 divide 194137986?
False
Is 89 a factor of 38109154?
False
Is 6323459 a multiple of 181?
False
Is 95689145 a multiple of 74?
False
Does 987 divide 270786550?
False
Does 11 divide 46854179?
False
Does 50 divide 1616111992?
False
Is 8 a factor of 459634496?
True
Does 9 divide 295346628?
True
Does 30 divide 208559892?
False
Does 224 divide 35646412?
False
Is 881891461 a multiple of 253?
True
Is 861 a factor of 2501811524?
False
Is 3991940 a multiple of 59?
True
Is 24 a factor of 206688552?
True
Is 2060727 a multiple of 79?
False
Is 282516841 a multiple of 1999?
False
Does 27 divide 139605842?
False
Is 190622815 a multiple of 3?
False
Is 264168964 a multiple of 509?
True
Does 1001 divide 560156597?
True
Does 229 divide 921182499?
True
Does 42 divide 666500772?
True
Does 5 divide 17307435?
True
Is 125713964 a multiple of 2572?
False
Is 10 a factor of 353990?
True
Does 236 divide 1599437?
False
Is 281 a factor of 16075450?
False
Is 72 a factor of 689437440?
True
Does 4 divide 25250045?
False
Is 98 a factor of 135587177?
False
Is 101 a factor of 56929369?
False
Is 102742040 a multiple of 8?
True
Does 9077 divide 5334734440?
True
Is 2828 a factor of 131535805?
False
Does 2 divide 432209?
False
Is 664658103 a multiple of 93?
False
Is 583 a factor of 25088822?
True
Is 2596546339 a multiple of 359?
False
Is 29 a factor of 10837938?
True
Does 7 divide 134722500?
False
Does 29 divide 939614413?
True
Is 24 a factor of 2130248?
False
Is 9 a factor of 461611818?
True
Does 93 divide 448912560?
False
Does 24 divide 18319649?
False
Is 40277736 a multiple of 282?
False
Is 7107 a factor of 1757929996?
False
Is 327198 a multiple of 46?
True
Is 1796768046 a multiple of 1902?
True
Is 340 a factor of 442517820?
True
Does 25 divide 263737617?
False
Is 2130444096 a multiple of 1943?
False
Is 322 a factor of 754460851?
False
Is 1356149037 a multiple of 12?
False
Is 10772 a factor of 2946134112?
False
Is 18752229 a multiple of 94?
False
Is 44 a factor of 79943811?
False
Is 45 a factor of 8794890?
True
Does 1302 divide 156699568?
False
Is 33 a factor of 73509942?
True
Does 27 divide 568053918?
True
Is 514666550 a multiple of 1395?
False
Is 59 a factor of 407206613?
True
Is 3048 a factor of 598353893?
False
Does 185 divide 2123133031?
False
Is 8 a factor of 106928026?
False
Is 2 a factor of 5218113?
False
Is 10 a factor of 3200521536?
False
Is 49 a factor of 4340542500?
True
Is 27428883 a multiple of 1628?
False
Does 11 divide 1315560330?
False
Is 57994657 a multiple of 7?
True
Is 817 a factor of 8828502?
True
Is 14 a factor of 8398002?
False
Is 1943 a factor of 61729199?
False
Does 2246 divide 4950701726?
False
Does 4 divide 65803694?
False
Is 53 a factor of 2384253500?
False
Is 173 a factor of 10381084?
False
Does 1560 divide 1671658560?
True
Is 6059050 a multiple of 13?
False
Does 54 divide 94209650?
False
Does 3 divide 74933102?
False
Is 61 a factor of 11934675?
False
Does 4 divide 15599566?
False
Does 34 divide 864868778?
True
Is 63 a factor of 7964688816?
True
Is 14 a factor of 55780438?
True
Is 1762 a factor of 436037965?
False
Is 2064234420 a multiple of 36?
True
Is 35262334 a multiple of 203?
False
Is 2 a factor of 195317336?
True
Is 810 a factor of 28194480?
True
Is 1683 a factor of 1376798346?
True
Is 663 a factor of 7574775?
True
Is 85854833 a multiple of 9?
False
Is 1779 a factor of 62426195?
False
Is 10 a factor of 1891506?
False
Is 220993462 a multiple of 1486?
True
Is 1556 a factor of 3940860142?
False
Does 158 divide 8106822?
True
Does 6 divide 225862445?
False
Is 493498130 a multiple of 3034?
False
Does 1318 divide 65329306?
True
Is 885 a factor of 14832666?
False
Is 115 a factor of 291331645?
False
Does 4105 divide 3149106144?
False
Is 728269 a multiple of 71?
False
Is 543617524 a multiple of 1763?
True
Is 25953809 a multiple of 442?
False
Is 31 a factor of 300069212?
True
Is 91981648 a multiple of 44?
True
Is 32339518 a multiple of 23?
True
Does 24 divide 36690370?
False
Is 305 a factor of 17379401?
False
Is 36144487 a multiple of 905?
False
Is 199618263 a multiple of 293?
True
Does 7 divide 1431790668?
True
Is 19 a factor of 1174386624?
False
Is 197106698 a multiple of 4?
False
Is 277 a factor of 57595502?
True
Does 104 divide 1862328?
True
Is 807 a factor of 11585570?
False
Is 490133081 a multiple of 1785?
False
Is 14 a factor of 2344678070?
True
Is 1088764825 a multiple of 985?
True
Does 201 divide 558079818?
False
Is 2951 a factor of 1325736750?
True
Is 917806078 a multiple of 14?
True
Does 135 divide 92886775?
False
Is 343 a factor of 13555360?
True
Does 290 divide 75197826?
False
Is 5490018 a multiple of 52?
False
Is 15941772 a multiple of 243?
True
Is 903044201 a multiple of 34?
False
Does 5 divide 1397590781?
False
Is 8060448 a multiple of 48?
True
Does 355 divide 160950610?
True
Is 28 a factor of 182980365?
False
Is 1196212065 a multiple of 139?
False
Is 48 a factor of 450500214?
False
Is 350 a factor of 61377427?
False
Is 1400236 a multiple of 10?
False
Is 21 a factor of 4412772?
True
Is 10 a factor of 5057300?
True
Is 400161510 a multiple of 12?
False
Is 177980208 a multiple of 48?
True
Is 195 a factor of 7496580?
True
Is 23 a factor of 2548254?
False
Does 1310 divide 122112960?
True
Does 67 divide 16172862?
True
Is 2220998 a multiple of 468?
False
Is 1017374488 a multiple of 2396?
False
Does 1140 divide 246409481?
False
Does 401 divide 61768539?
False
Does 27 divide 61336611?
False
Is 373 a factor of 2144377?
True
Does 18 divide 9566874?
True
Does 19 divide 8657635?
True
Is 3171389869 a multiple of 32?
False
Is 125575975 a multiple of 7?
True
Is 1433 a factor of 42018426?
True
Is 12 a factor of 27190652?
False
Is 34861584 a multiple of 1002?
True
Does 12 divide 2150599?
False
Is 342 a factor of 16707384?
True
Does 1857 divide 19275660?
True
Is 303034248 a multiple of 1683?
True
Does 26 divide 7320429?
False
Does 32 divide 62331040?
True
Is 557 a factor of 17617353?
True
Does 118 divide 152761148?
True
Is 32519476 a multiple of 72?
False
Is 681901103 a multiple of 14?
False
Is 1319780735 a multiple of 8155?
True
Is 245 a factor of 985268970?
True
Is 863 a factor of 13652026?
False
Is 13640746 a multiple of 19?
True
Does 302 divide 2106466006?
True
Is 31 a factor of 1050502?
False
Does 898 divide 30214123?
False
Does 1646 divide 697231320?
False
Is 66 a factor of 12252339?
False
Does 344 divide 114194587?
False
Does 22